 4*c. Let q be 4/(-6) + (-434)/j. What is the units digit of 30/q*(-32)/(-6)?
8
Suppose -22*v + 11116 = -8*v. What is the units digit of v?
4
Suppose 0 = -0*k - 5*k + 2*u + 277, -5*u + 105 = 2*k. Let z = k + -33. Suppose 0 = 2*s - z - 20. What is the tens digit of s?
2
Let a(i) = i**3 + 9*i**2 + 9*i + 12. Let d be a(-8). What is the units digit of (-2 + d)/(1/3)?
6
Let m be (8/(-12))/((-1)/18). Let n(b) = b**2 - 7*b + 12. Let t be n(m). Suppose -3*q + 2*f = -134, -q - 3*f + t = q. What is the tens digit of q?
4
Let q = 140 + -360. Let r = q - -332. What is the tens digit of r?
1
Suppose h + 4*h = 15. Let y(n) = 16*n - 2. What is the units digit of y(h)?
6
Let s = 400 + -49. What is the units digit of s?
1
What is the units digit of 2562 - (4 - -3 - 4)?
9
Let i(d) be the first derivative of -5 + 3/2*d**2 - 10*d. What is the units digit of i(5)?
5
Suppose -t - 3*h + 60 = h, -t = 2*h - 56. Suppose -5*v - t = -6*v. What is the units digit of v?
2
Suppose 3*v - 6559 = 1955. What is the thousands digit of v?
2
Suppose -2*a + 5*q = -2120, -4*a - 6*q + 4214 = -3*q. What is the hundreds digit of a?
0
Let m(n) = 8 + 9*n**2 - 2*n**3 + 8*n**3 - 7*n**3 - n. Let s be m(9). Let g(l) = 41*l**2 - l - 2. What is the units digit of g(s)?
0
Let m(k) be the first derivative of k**7/840 + k**6/60 - k**4/24 + k**3/3 - 5. Let q(p) be the third derivative of m(p). What is the tens digit of q(-5)?
2
Let g(t) = 4*t**2 - 2*t - 10. Let h be g(7). Let v = -81 + h. What is the units digit of v?
1
Let d(b) = -b**3 + 8*b**2 + 10*b - 23. Let z be d(7). Let q = 153 - z. What is the units digit of q?
7
Suppose 0 = 2*n + d - 1681, -2*n + 4*d + 1892 - 226 = 0. What is the hundreds digit of n?
8
Suppose r = -5*y - 104, -y + 4*r - 3 - 1 = 0. Let u = y - -22. Suppose -54 = u*g - 4*g. What is the units digit of g?
7
Let z = -6988 + 10922. What is the hundreds digit of z?
9
Let r = -2410 + 5594. What is the hundreds digit of r?
1
Let i(m) = -m**2 - 7*m - 5. Let s be i(-4). Let f = s + 8. What is the units digit of (-6)/12 + f/2?
7
Let o(r) = -r - 1. Let g(s) = 3*s + 10. Suppose 2*v + v = 3. Let c(n) = v*g(n) + 5*o(n). What is the tens digit of c(-5)?
1
Let j(t) = 435*t**2 - 2*t - 2. Let h be j(-1). Suppose -2*l + 3*f = -h, 0 = 2*f + f - 9. What is the hundreds digit of l?
2
Let g(n) = 3*n**2 + 3*n - 13. Let b be g(7). Suppose 4*q = b + 5. What is the units digit of q?
0
Suppose 0 = -3*m + 6*o - 2*o - 249, 0 = 5*m + o + 438. Let v = 158 + m. What is the tens digit of v?
7
Let p(n) = -n**3 - 11*n**2 + 38*n - 54. Let v be p(-14). Let d = 17 + 82. Suppose -m - i = -6*i - 42, v*m = -5*i + d. What is the units digit of m?
7
Let r(b) be the second derivative of 0*b**2 + 1/20*b**5 - 4*b + 0 - 2/3*b**3 + 2/3*b**4. What is the units digit of r(-8)?
2
Let r be (-9)/(-27) + 1/(-3). Suppose 2*q - 2*f - 12 = r, -5*q - 5*f + 33 = -q. Suppose q*a - 3*a = -2*v + 96, 3*v + 2*a - 156 = 0. What is the tens digit of v?
5
Let j be (0 + 5)*(-12)/(-30). Suppose 5*p - k = 19, -2*p + 2 = -k + j*k. Suppose 4*a - 3*h + 2*h = 55, 0 = 5*a + p*h - 73. What is the tens digit of a?
1
Suppose -3*z - 5*k = -2*z - 211, -5*z - 5*k + 1075 = 0. What is the tens digit of (8/6)/((33/z)/11)?
9
Let z = -35 - -33. Let x(g) = -48*g + 4. Let j be x(z). Suppose 2*q = -4*i - 0*q + j, -i + 3*q + 25 = 0. What is the units digit of i?
5
Let o(c) = -c**3 + 9*c**2 - 3*c + 9. Let s be o(6). Suppose 119 = a - k, -3*k - 375 = -4*a + s. What is the hundreds digit of a?
1
Suppose -4*n + 4 = 4*d, 2*d + 2*n + 3*n + 4 = 0. Suppose -d*f + 0*b + b + 5 = 0, b = -2*f + 5. Suppose -8 = -2*m - f. What is the units digit of m?
3
Let w(z) = z**3 - 4*z**2 - 8*z + 14. Let f be w(14). What is the hundreds digit of 36/(-270) + f/15?
1
Let v = -13 + 17. What is the units digit of 95/2 + -1 + (-2)/v?
6
Let d = -556 - -851. What is the units digit of d?
5
Let b = 1 - -535. What is the tens digit of b?
3
Suppose 14*h + 3612 - 17010 = 0. What is the units digit of h?
7
Let u(d) = -5*d**2 + 15*d. Let g(y) = -2*y**2 + 7*y. Let l(i) = 7*g(i) - 3*u(i). Let p be l(-5). Let w(x) = x**2 + x - 9. What is the units digit of w(p)?
1
Let h(u) = 171*u - 44. What is the tens digit of h(32)?
2
Let o(a) = 29*a + 44. What is the tens digit of o(20)?
2
Let c(d) = -2*d**2 - 59*d + 22. What is the units digit of c(-23)?
1
Suppose -20 = -2*t - 12. Suppose 251 = t*r + m, 0*m + 2*m - 316 = -5*r. What is the tens digit of r?
6
Let q = 67 + -158. Let w = 187 + q. What is the units digit of w?
6
Let x = -1 - 4. Let f be (x/(-2))/((-4)/(-8)). Suppose 4*b + 3 = 3*r + 2, r = 4*b - f. What is the units digit of b?
2
Let r(k) = -k**3 - 12*k**2 - 10*k + 14. Let h = 25 - 36. Let p be r(h). What is the units digit of 4 - p/6*-2?
5
Suppose 5*d + 2*o - 908 = 0, -5*o - 16 = -9*o. What is the tens digit of d?
8
Suppose 3*f - 6*f - 39 = 0. Let s = f + 17. Suppose -5*o + s*p + 86 = 0, o + o = -2*p + 20. What is the units digit of o?
4
Let n = -23 + 17. Let k(x) = 2*x**2 - 6*x - 39. What is the tens digit of k(n)?
6
Let k(r) = r + 6. Let m be k(-8). What is the units digit of m/3*3 - -30?
8
Suppose -3*d - 4*k + 37 = -27, -2*d = k - 46. Suppose 2*l + 2*x - d = 0, l - 3*x - 8 - 8 = 0. What is the units digit of l?
3
Let v = 1692 - 457. What is the thousands digit of v?
1
Let p = -2 - -2. Let j(w) = -w**3 + 18*w**2 - 31*w - 15. Let c be j(16). What is the units digit of -9*(-2 - c) + p?
7
Let v(n) = -n + 7. Let d be (-52)/(-6) + (-3)/(-9). Let p be v(d). What is the units digit of 4 + -1 + p + 1?
2
Suppose 4411 = 5*s + 846. What is the hundreds digit of s?
7
Suppose 4*r + 5*c = 6336, 2*r + 6*c = 10*c + 3142. What is the units digit of r?
9
Suppose -5*y + 30240 = -w, -3*y + w - 2427 = -20573. What is the units digit of y?
7
Suppose -5*t - 5*t - 10 = 0. What is the units digit of (-1)/(2/t) - 1175/(-10)?
8
Let y be (4/3)/((-2)/9). Let n be (-2933)/y + 4/24. What is the units digit of n/12 + (-9)/12?
0
Suppose 5*i - 4*j + j + 18 = 0, i = -3*j - 18. Let r = 10 - i. What is the tens digit of r?
1
Suppose 3*h + h - 956 = 4*o, -5*o = -4*h + 960. What is the tens digit of ((-11)/(-55))/(1/h)?
4
Suppose 4*m + 2*v = 1644, 49*m - 2*v = 54*m - 2055. What is the hundreds digit of m?
4
Suppose 1900 = 6*m + 208. What is the tens digit of m?
8
Suppose 8 = -4*b + 5*g, 3*b + 41 = 2*g - 7*g. Let v(k) = 21*k - 35. Let q be v(3). What is the tens digit of 8/(-1)*q/b?
3
Let b(z) = z**3 + 7*z**2 - 7*z - 10. Suppose 4*s - 24 = 8*s. What is the tens digit of b(s)?
6
Suppose -6*x + 698 + 5458 = 0. What is the tens digit of x?
2
Let x(i) = 38*i**2 - 43*i + 17. What is the thousands digit of x(10)?
3
Suppose 0 = 4*d - 5*s + 214, 0*s = -4*d + 3*s - 210. Let g = -85 - d. Let j = 53 + g. What is the units digit of j?
9
Let q(y) = 51*y - 5. What is the tens digit of q(1)?
4
Let u(r) = -r**2 + 1 + r**3 + 3*r**3 - 8*r**3. Let z be u(1). What is the units digit of (-8)/(-2 - z/3)?
2
Suppose -11*v + 1422 = -5*v. What is the tens digit of v?
3
Let c = -49 - -53. Let x(v) = v**3 + 4*v**2 + 6*v + 3. What is the hundreds digit of x(c)?
1
What is the tens digit of 1 + -6 + 3 - (-16049)/11?
5
Suppose -3*n - 10 - 80 = -2*u, 0 = 2*u + n - 82. Let b be (-8)/(-10)*(-5)/(-2). Suppose 14 + u = b*l. What is the units digit of l?
8
Let u(g) = 9*g**3 + 3*g**2 - 11*g + 29. What is the units digit of u(5)?
4
Let n(l) = l**2 - 9*l - 6. Let k be n(10). Suppose k*i - 2*i = -6. What is the units digit of 6/i + 1 - -14?
3
Let j = -45 + 79. Suppose 0 = 2*v - 148 + j. What is the units digit of v?
7
Let g(l) = 26*l - 27. Let j be g(-8). Let c = 399 + j. What is the units digit of c?
4
Let f(l) = -l**2 - 2*l + 2. Let n be f(-7). Let b be 6/30 + 296/(-5). Let o = n - b. What is the units digit of o?
6
Suppose -2*s = -3*s + 7. Let q = s - 5. Suppose -4*x = 5*g - 27, 2*x = -0*g - q*g + 10. What is the units digit of g?
7
Suppose 0 = -3*r + 734 - 44. Let o be (-9)/54 + r/12. What is the units digit of o/3 - 2/(-3)?
7
Suppose 3*a + 4*a = 0. Suppose -864 = -6*b - a*b. Suppose 2*l = 5*l - b. What is the tens digit of l?
4
Let z(v) = 14*v. Let h be z(3). Let o = 68 - h. Let a = 34 - o. What is the units digit of a?
8
Let x = 10 + -13. What is the tens digit of (5 - x)*27/4?
5
Let c = 67 + -75. Suppose 4*o - o + 30 = 0. Let d = c - o. What is the units digit of d?
2
L